d + 2535 = -2*w + m*w, -4*w = -d - 2529. Is w composite?
True
Is 1215354/28 - (-19)/(-38) composite?
True
Let v = 359 - 187. Let q be ((-8)/32)/((-1)/v). Suppose -r + q = -39. Is r prime?
False
Suppose -5*p - 24 - 36 = 0. Let w = p - -9. Is 1*w + 3 + 82 + -3 a composite number?
False
Is (-139)/(-20 + 855813/42791) prime?
False
Suppose u = -2*z + 614 + 581, 611 = z - 4*u. Let w = -190 + z. Is w composite?
False
Let s(n) = 5*n**2 - 19*n - 35. Suppose -3*j + 3*r + 20 = -43, -85 = -5*j + r. Is s(j) a composite number?
False
Let t = 211 - 204. Suppose -119259 = t*b - 34*b. Is b composite?
True
Let y(o) = 3*o**2 + 7*o - 4*o**2 + 79*o**3 + 9 + 3*o**2 - 122*o**3. Let j be y(-6). Suppose -11*p - 604 = -j. Is p a prime number?
False
Let f(b) = 4*b + 1. Suppose 5*v + 19 = -1. Let n be f(v). Is n/(-10)*2994/9 a composite number?
False
Let c = -54 - -58. Suppose c*i - 21210 - 25178 = 0. Is i a composite number?
False
Let u be (456/(-9))/(-8) + (-4)/12. Is (u/4)/(4 - 26741/6686) prime?
True
Let f(c) = 94*c**2 - 3*c + 15. Let w be (-100)/(-40)*1*4. Is f(w) prime?
False
Let d = 14090 - 849. Is d a prime number?
True
Is 7 - 5 - (-72050 - -33) a prime number?
True
Let l be (-1)/(-2) + 7 + 63/(-14). Suppose 8*g - 3*g - 11463 = -l*o, -o + 3821 = -g. Is o prime?
True
Let c = 826048 + -65955. Is c a composite number?
False
Suppose 2*n - 21 + 5 = 0. Suppose -m + n*m = 23065. Is m composite?
True
Suppose -k + 2*k - 5*y - 11 = 0, -y - 4 = 0. Is (-111136)/(-20) - k/45 a composite number?
False
Suppose -3*g + 1 = -3*f + f, 4*f - 7 = 3*g. Suppose 5*d - 3*r - 12292 = 0, 5*r = -d + g*d - 4913. Is d composite?
False
Let j(r) = -359*r**2 + 14*r + 45. Let b be j(-7). Let p = 7605 - b. Is p a prime number?
False
Suppose a + x = 2*a - 15, a - 3*x = 7. Suppose 5*s - 25 = 5*r, -4*r + a = 2*s - 9. Suppose 0 = -14*t + s*t + 2958. Is t a composite number?
True
Let j(n) = 2*n**3 - 2*n**2 - 2*n + 1. Let m = 37 + -35. Let q be j(m). Is 1222 - q - (3 - -1) a prime number?
True
Let q(g) = -4*g + 49. Let b be q(11). Let x be 1/4 - b/4. Is -734*(-4)/(-8)*x composite?
False
Let f(t) = t**2 + 3*t - 7. Let c be f(-7). Is 6/c + (5 - 81050/(-35)) composite?
True
Let g(w) = 3*w**3 - 13*w**2 - 2*w + 15. Let l(p) = -2*p**3 + 14*p**2 + 3*p - 16. Let b(i) = 3*g(i) + 4*l(i). Let z be b(-13). Let y = z - -208. Is y prime?
True
Let c be 2 - (-3 + 0 - 203). Let n = c - 80. Suppose 0 = 4*a - 2196 + n. Is a a prime number?
False
Is ((-2320875)/30 + 18)*20/(-6) a composite number?
True
Let a(f) = -f**3 + 12*f**2 - f - 9. Let d be a(11). Suppose -i = -364 - d. Suppose -19 = 2*r - i. Is r a prime number?
True
Suppose 2*o = -5*f + 39813 + 42089, 4*f + 8 = 0. Suppose x = 5*x - o. Suppose 7*z - x = 24670. Is z a composite number?
False
Let o(w) = 56*w - 41. Let u(d) = -6*d**2 + 56 + 17*d**2 - 12*d**2 + 11*d. Let i be u(14). Is o(i) a composite number?
False
Let y(g) = -9*g**3 + 4*g**2 + 4*g + 9. Let i = 523 - 531. Is y(i) a prime number?
False
Suppose -3 = -2*r + 3. Suppose p = -2*t + 1133, 0 + 15 = r*p. Suppose -2*g + 549 = 5*y, -2*y - t = -2*g - 4*y. Is g a composite number?
True
Is 454461 + (-298 + -10)/(-14) composite?
False
Let t(b) = -b**2 - 14*b - 32. Let r be t(-7). Suppose -r*i = -16*i - 4529. Is i composite?
True
Is 1*(3992 - (18 + -15)) a prime number?
True
Let f(h) = 4*h**2 + 23*h - 3. Let l be f(-6). Suppose 1969 = 5*z + 2*w, l*z - w + 443 = 1631. Is z a prime number?
False
Let a(n) = -12*n - 30. Let x be a(-9). Let z = x - 76. Suppose -4*p + 3684 = -2*c + 6*c, -4*p = -z*c - 3714. Is p a prime number?
False
Suppose 382794 + 410492 = 14*g - 121460. Is g a prime number?
False
Let u be 8 + -4 - (0 + -1). Let n(j) = 473*j - 6. Is n(u) a prime number?
False
Let h(q) = -9924*q + 2135. Is h(-8) prime?
True
Let h(j) = -3*j**3 + 10*j**2 + 11. Let u(l) = -3*l**3 + 9*l**2 + l + 10. Let i(d) = -6*h(d) + 7*u(d). Let q be i(-2). Let m = q - 7. Is m composite?
False
Suppose 1581719 = 4*t + u, -22*t - 5*u + 790873 = -20*t. Is t a prime number?
True
Let v = -1903 - -1890. Let c(i) = 147*i + 47. Let w(l) = -74*l - 23. Let m(h) = 2*c(h) + 5*w(h). Is m(v) composite?
False
Let n be (0/((-9)/(-3)))/1. Suppose -2*q - 5*q = -n*q. Suppose q = -2*p - 3*b + 394, 4*b = -3*p + 335 + 255. Is p a prime number?
False
Let a = 12 + 6. Suppose -s + a - 51 = 0. Let f = s + 254. Is f a composite number?
True
Suppose -5*j + 3*x + 75 = 0, -5*x - 12 = -4*j + 61. Suppose -56312 = 4*y - j*y. Is y prime?
True
Suppose -3*n - 27466 = -5*x, -4*n + 27476 = -7*n - 5*x. Let i = 1566 - n. Is i prime?
True
Let g = -154 - -152. Is 1566/(g - -4) - (-7 + 3) a composite number?
False
Suppose t + 35 = 8*t. Let i(n) = 87*n + 56. Is i(t) a prime number?
True
Suppose 2*k = -a + 15, 2*a - 5*k = 6 - 3. Suppose -8*u + a*u = -12. Is 7035/28 - (-3)/u composite?
False
Let b(j) = 22*j**2 + j + 1. Let r be b(-1). Let g = 35 + 210. Let w = g + r. Is w a prime number?
False
Suppose -5*d + d = -92. Suppose 20*z + 4113 = d*z. Is z a composite number?
True
Suppose -c = 2*d - 2*c - 2385, -3*d = -4*c - 3575. Suppose t + 2*r = 8, -2*t - 5*r = -6 - 13. Suppose t*y - d = -411. Is y a prime number?
False
Let u(b) = 991*b**3 + 9*b**2 - 11*b + 15. Is u(6) prime?
False
Let d(p) = 23*p**2 + 3*p + 5. Let o be d(-5). Suppose 5 = -5*b, o + 832 = -4*c + 3*b. Let y = -195 - c. Is y a prime number?
False
Suppose 0 = 4*u + f - 4330, 3*u - f + 2166 = 5*u. Suppose -2*s + u = -0*s. Suppose -l + s = -0*l. Is l a prime number?
True
Let t(p) = -2*p**3 - 45*p**2 - 15*p + 6. Let w be t(-21). Is (-1178)/(-93)*w/(-4) composite?
True
Let c(t) = -2*t**3 - 43*t**2 - 47*t - 1. Let i be c(-19). Let q = 2168 + i. Is q prime?
False
Suppose 47*f + 8022 = 49*f. Suppose -4*i = 3*q - f, 3*i - 2*q = 2*q + 3027. Suppose -6*n + n = -2*x + 670, 0 = -3*x + 2*n + i. Is x a prime number?
False
Is 4/180*20 + (-59167614)/(-54) a prime number?
False
Let r = -77151 - -205742. Is r prime?
True
Suppose -4*l = 3*x + 909 + 1965, -2*x - 1896 = -4*l. Let r = x - -1861. Is r a prime number?
True
Suppose 2*l = 7*l + 5, -2*u = -l + 3. Is -12185*3/(30/u) a composite number?
False
Suppose -5*u + 33308530 = 285*u. Is u prime?
False
Suppose 41*k - 25*k = 112. Let l(y) = 2*y**3 - 4*y - 10 - 2*y - y**3. Is l(k) a prime number?
False
Let z(h) = 3667*h**2 - 57*h - 5. Is z(-3) a prime number?
False
Let c be (-32961)/18 - 30/36. Let h = 5131 + c. Is h prime?
True
Is 16705386/108*(1 + 1) a prime number?
True
Suppose -75 = -n + 2*h, n - 4*h = -2*n + 217. Let p = -184 + n. Let r = 382 + p. Is r a prime number?
False
Let n(m) = 134*m**2 - 106*m + 123. Is n(31) prime?
False
Let w(v) = 52*v**2 + 7*v + 62 - 124 + 71. Is w(6) a composite number?
True
Let c be 1514853/(-102) + 3/2. Let k = -9736 - c. Is k prime?
False
Let b(c) = 57*c**2 - 6*c + 1215. Is b(-38) composite?
True
Let m(y) = -y**3 + 39*y**2 - 131*y + 50. Is m(-33) prime?
True
Let v(p) = -p**3 - p**2. Let d(a) = 205*a**3 - 3*a**2 + 7*a + 2. Let t(u) = d(u) - 3*v(u). Is t(3) prime?
True
Is -5 + -8 + 24 - -12042 prime?
False
Let k(n) = -18*n**3 + 4*n - 3. Let t be k(1). Let q(d) = d**3 + 23*d**2 + 15*d - 40. Is q(t) a prime number?
True
Suppose 5*x = -l + 40, 0 = x + l - 2 - 10. Suppose -5*b + 61120 = x*f - 2*f, 5*f - b - 61132 = 0. Is f a prime number?
False
Let o(x) = -x**3 + 2*x**2 - 2*x + 557. Let z(f) = f**3 + 19*f**2 + 19*f + 15. Let w be z(-18). Let k be 0*((-50)/(-15) + w). Is o(k) a composite number?
False
Let y = 13683 + -6043. Suppose 32*l = 40*l - y. Is l a prime number?
False
Suppose 88251 + 238170 = 64*k - 530731. Is k a prime number?
False
Let i be (-12)/(36/6) - (38 + -1). Let j = -33 - i. Suppose -j*l + 1229 = -5*l. Is l composite?
False
Let s = 166357 + -51334. Suppose -s + 34155 = -12*n. Is n a prime number?
False
Suppose 586642 = 2*z + 4*b, -4*z = -5*b - 2849 - 1170370. Is z composite?
False
Let a be 5488/32*(-540)/(-63). Suppose t = 4*p + 2*t + 6367, -2*p - 2*t = 3188. Let c = a - p. Is c a prime number?
True
Let p(t) = -243*t**2 + 5*t - 1. Let m(y) = -728*y**2 + 16*y - 4. Let j(i) = 2*m(i) - 7*p(i). Is j(-5) composite?
True
Suppose 25*a + 352 = -398. Is ((-6)/(-9))/((-10)/a) - -291 a composite number?
False
Let p = -166 - -166. Suppose -18 - 2 = -4*f, -r + 4*f + 2823 = p. Is r prime?
True
Let x be 11/((-22)/(-8)) + -1. Suppose p - 5*k = 3567, -x*k - 3563 = p 